{"id":62985,"date":"2020-11-16T09:43:57","date_gmt":"2020-11-16T08:43:57","guid":{"rendered":"http:\/\/www.granulati.it\/it\/sostenibilita-copy\/"},"modified":"2026-02-13T16:37:28","modified_gmt":"2026-02-13T15:37:28","slug":"sostenibilita-copy","status":"publish","type":"page","link":"https:\/\/www.granulati.it\/it\/impegno-sociale\/","title":{"rendered":"Impegno Sociale"},"content":{"rendered":"<p><\/p>\n<div style=\"background-color: #006785; height: 50px;\">\n<h1 style=\"padding-top: 10px;\"><span style=\"color: white;\">IMPEGNO SOCIALE<\/span><\/h1>\n<\/div>\n<p>&nbsp;<\/p>\n<h2 style=\"font-size: 16px;\">Granulati Zandobbio si impegna all&#8217;applicazione di diversi princ\u00ecpi: <strong>sostenibilit\u00e0, volontariato, qualit\u00e0, integrazione<\/strong>.<\/h2>\n<hr \/>\n<div class=\"shortcode1-2\">\n<h2>UN IMPEGNO PER L&#8217;ARTE E LA CULTURA<\/h2>\n<h4><a href=\"https:\/\/www.lacarrara.it\/\" target=\"_blank\" rel=\"noopener\"><strong>Museo Accademia Carrara<\/strong><\/a><\/h4>\n<p><span style=\"font-family: 'Lucida Grande', Verdana, Arial, Helvetica, sans-serif; font-size: 13px;\">Crediamo nell\u2019arte come linguaggio universale, capace di ispirare e lasciare un segno. Per questo sosteniamo il <b>Museo Accademia Carrara<\/b>, dove storia e bellezza danno vita a emozioni senza tempo. Investire nella cultura significa offrire alle nuove generazioni opportunit\u00e0 di crescita, creativit\u00e0 e conoscenza. L\u2019arte \u00e8 di tutti. E noi siamo fieri di sostenerla.<\/span><br \/>\n<span style=\"font-family: 'Lucida Grande', Verdana, Arial, Helvetica, sans-serif; font-size: 11px;\"><em>Per info:<\/em> <a href=\"https:\/\/www.lacarrara.it\" target=\"_blank\" rel=\"noopener\"><strong>Museo Accademia Carrara<\/strong><\/a><\/span><\/p>\n<\/div>\n<div class=\"shortcode1-2\">\n<a href=\"https:\/\/www.granulati.it\/it\/impegno-sociale\/museo_accademia_carrara\/\" target=\"_blank\" rel=\"noopener\"><img class=\"colorbox-62985\"  src=\"http:\/\/www.granulati.it\/wp-content\/uploads\/2025\/06\/museo-carrara.jpg\" alt=\"Granulati Zandobbio sostegno al Museo Accademia Carrara\" \/><\/a>\n<\/div>\n<hr \/>\n<div class=\"shortcode1-2\">\n<a href=\"https:\/\/www.fondazionemilani.eu\"><img class=\"colorbox-62985\"  src=\"http:\/\/www.granulati.it\/wp-content\/uploads\/2020\/11\/senza-tetto-2.jpg\" alt=\"Granulati Zandobbio per la Comunit\u00e0 Don Lorenzo Milani\" \/><\/a>\n<\/div>\n<div class=\"shortcode1-2\">\n<h2>DONAZIONI ATTIVIT\u00c0 DI VOLONTARIATO SENZA TETTO<\/h2>\n<h4><a href=\"https:\/\/www.fondazionemilani.eu\"><strong>Fondazione Don Lorenzo Milani<\/strong><\/a><\/h4>\n<p><span style=\"font-family: 'Lucida Grande', Verdana, Arial, Helvetica, sans-serif; font-size: 13px;\">La Granulati Zandobbio \u00e8 attenta ai disagi che si verificano sul territorio, per questo motivo ha deciso di supportare il <strong>Servizio Esodo<\/strong> che opera come servizio educativo di strada per persone emarginate e spesso senza fissa dimora. Con l\u2019utilizzo di un\u2019unit\u00e0 mobile (camper) offrono ascolto, compagnia ed orientamento, distribuzione di vestiario, medicinali di base, coperte e accompagnamento alle strutture di pronto intervento sanitario.<\/span><\/p>\n<p>&nbsp;<\/p>\n<p><span style=\"font-family: 'Lucida Grande', Verdana, Arial, Helvetica, sans-serif; font-size: 11px;\"><em>Per info:<\/em> <a href=\"https:\/\/www.fondazionemilani.eu\"><strong>Fondazione Don Lorenzo Milani Patronato San Vincenzo<\/strong><\/a><\/span><\/p>\n<\/div>\n<hr \/>\n<div class=\"shortcode1-2\">\n<h2>DONAZIONI ALLEVIAMENTO POVERT\u00c0<\/h2>\n<h4><a href=\"https:\/\/missionebelem.it\/\"><strong>Associazione Missione Belem Onlus<\/strong><\/a><\/h4>\n<p><span style=\"font-family: 'Lucida Grande', Verdana, Arial, Helvetica, sans-serif; font-size: 13px;\">Granulati Zandobbio ogni anno dal 2017, si impegna a sostenere l&#8217;Associazione Missione Belem Onlus a sostegno del progetto &#8216;Poliambulatorio Haiti&#8217;.<\/span><\/p>\n<p><span style=\"font-family: 'Lucida Grande', Verdana, Arial, Helvetica, sans-serif; font-size: 13px;\">La Missione mira a dare un minimo di assistenza sanitaria nella favela di Wharf Jeremie, vittima del terremoto del 2010, dove non sono presenti servizi di alcun genere. Il progetto prevede la costruzione di quattro blocchi, che ospiteranno ambulatori di primo soccorso, centro degenze, assistenza materno-infantile, centro nutrizionale.<\/span><\/p>\n<p>&nbsp;<\/p>\n<p><span style=\"font-family: 'Lucida Grande', Verdana, Arial, Helvetica, sans-serif; font-size: 11px;\"><em>Per info:<\/em> <a href=\"https:\/\/missionebelem.it\/\"><strong>Associazione Missione Belem Onlus<\/strong><\/a><\/span><\/p>\n<\/div>\n<div class=\"shortcode1-2\">\n<a href=\"https:\/\/missionebelem.it\/\"><img class=\"colorbox-62985\"  src=\"http:\/\/www.granulati.it\/wp-content\/uploads\/2020\/11\/haiti.jpg\" alt=\"Granulati Zandobbio per Haiti\" \/><\/a>\n<\/div>\n<hr \/>\n<div class=\"shortcode1-2\">\n<a href=\"https:\/\/www.sportesolidarieta.it\/blog\/fiera-di-bergamo-lospedale-una-realta-anche-grazie-allaccademia\/\"><img class=\"colorbox-62985\"  src=\"http:\/\/www.granulati.it\/wp-content\/uploads\/2020\/11\/ospedale-da-campo.jpg\" alt=\"Granulati Zandobbio per il sostegno dell'emergenza coronavirus\" \/><\/a>\n<\/div>\n<div class=\"shortcode1-2\">\n<h2>DONAZIONI PER LA SOLIDARIET\u00c0<\/h2>\n<h4><a href=\"https:\/\/www.sportesolidarieta.it\/blog\/fiera-di-bergamo-lospedale-una-realta-anche-grazie-allaccademia\/\"><strong>Erogazione a sostegno emergenza Coronavirus<\/strong><\/a><\/h4>\n<p><span style=\"font-family: 'Lucida Grande', Verdana, Arial, Helvetica, sans-serif; font-size: 13px;\">A seguito dell&#8217;epidemia COVID-19 che a inizio 2020 ha colpito il nostro paese e in particolar modo la nostra provincia, Granulati Zandobbio ha fatto una donazione all&#8217;Accademia dello Sport per la Solidariet\u00e0. L&#8217;associazione per far fronte all&#8217;emergenza, si \u00e8 impegnata a raccogliere fondi destinati alla costruzione dell&#8217;ospedale da campo nell&#8217;area Fiera di Bergamo, gestita dagll&#8217;Associazione Nazionale Alpini.<\/span><\/p>\n<p>&nbsp;<\/p>\n<p><span style=\"font-family: 'Lucida Grande', Verdana, Arial, Helvetica, sans-serif; font-size: 11px;\"><em>Per info:<\/em> <a href=\"https:\/\/www.sportesolidarieta.it\/blog\/fiera-di-bergamo-lospedale-una-realta-anche-grazie-allaccademia\/\"><strong>Accademia dello Sport per la Solidariet\u00e0<\/strong><\/a><\/span><\/p>\n<\/div>\n<hr \/>\n<div class=\"shortcode1-2\">\n<h2>DONAZIONI ATTIVIT\u00c0 CULTURALI<\/h2>\n<h4><a href=\"https:\/\/www.donizetti.org\/\"><strong>Teatro Donizetti<\/strong><\/a><\/h4>\n<p><span style=\"font-family: 'Lucida Grande', Verdana, Arial, Helvetica, sans-serif; font-size: 13px;\">La Fondazione Teatro Donizetti \u00e8 stata costituita nel 2014 con Sede in Bergamo e persegue, senza fine di lucro, la promozione della cultura e dell\u2019arte, curando la diffusione dell\u2019arte musicale e teatrale, stimolando i cittadini, ed in particolare i giovani, ad esperienze e percorsi culturali formativi e di crescita. Granulati Zandobbio fa parte degli Ambasciatori Donizetti.<\/span><\/p>\n<p>&nbsp;<\/p>\n<p><span style=\"font-family: 'Lucida Grande', Verdana, Arial, Helvetica, sans-serif; font-size: 11px;\"><em>Per info:<\/em> <a href=\"https:\/\/www.donizetti.org\/\"><strong>Teatro Donizetti<\/strong><\/a><\/span><\/p>\n<\/div>\n<div class=\"shortcode1-2\">\n<a href=\"https:\/\/www.donizetti.org\/\"><img class=\"colorbox-62985\"  src=\"http:\/\/www.granulati.it\/wp-content\/uploads\/2020\/11\/donizetti-2.jpg\" alt=\"Granulati Zandobbio per il Teatro Donizetti\" \/><\/a>\n<\/div>\n<hr \/>\n<div class=\"shortcode1-2\">\n<a href=\"http:\/\/www.pallavolodoncolleoni.com\/\"><img class=\"colorbox-62985\"  src=\"http:\/\/www.granulati.it\/wp-content\/uploads\/2020\/11\/volley.jpg\" alt=\"Granulati Zandobbio per Scanzorosciate Pallavolo\" \/><\/a>\n<\/div>\n<div class=\"shortcode1-2\">\n<h2>SPONSORIZZAZIONI ATTIVIT\u00c0 SPORTIVE GIOVANILI<\/h2>\n<h4><strong>Supporto di piccole squadre sportive giovanili<\/strong><\/h4>\n<p><span style=\"font-family: 'Lucida Grande', Verdana, Arial, Helvetica, sans-serif; font-size: 13px;\">Granulati Zandobbio si impegna a sostenere alcune squadre giovanili locali. L&#8217;azienda crede nella grande importanza dello sport nella vita dei giovani e vuole quindi sostenere le squadre minori anche nei piccoli paesi.<\/span><\/p>\n<p>&nbsp;<\/p>\n<p><span style=\"font-family: 'Lucida Grande', Verdana, Arial, Helvetica, sans-serif; font-size: 11px;\"><em>Per info:<\/em> <a href=\"https:\/\/scanzovolley.com\/\"><strong>U.S.D. Scanzorosciate Pallavolo<\/strong><\/a><\/span><\/p>\n<p><span style=\"font-family: 'Lucida Grande', Verdana, Arial, Helvetica, sans-serif; font-size: 11px;\"><em>Per info:<\/em> <a href=\"https:\/\/aurorapallacanestrotrescore1962.it\/\"><strong>Aurora Pallacanestro Trescore<\/strong><\/a><\/span><\/p>\n<p><span style=\"font-family: 'Lucida Grande', Verdana, Arial, Helvetica, sans-serif; font-size: 11px;\"><em>Per info:<\/em> <a href=\"http:\/\/www.pallavolodoncolleoni.com\/\"><strong>Pallavolo Don Colleoni<\/strong><\/a><\/span><\/p>\n<\/div>\n<hr \/>\n<div class=\"shortcode1-2\">\n<h2>ATTIVIT\u00c0 FORMATIVE GRATUITE<\/h2>\n<h4><strong>Per scuole, universit\u00e0 e professionisti<\/strong><\/h4>\n<p><span style=\"font-family: 'Lucida Grande', Verdana, Arial, Helvetica, sans-serif; font-size: 13px;\">Granulati Zandobbio si impegna ad organizzare durante l&#8217;anno dei corsi formativi e visite gratuite in collaborazione con le scuole, istituti professionali, universit\u00e0 e professionisti.<\/span><\/p>\n<p>nbsp<\/p>\n<p><span style=\"font-family: 'Lucida Grande', Verdana, Arial, Helvetica, sans-serif; font-size: 11px;\"><em>Per info:<\/em> <a href=\"mailto:info@granulati.it\"><strong>info@granulati.it<\/strong><\/a><\/span><\/p>\n<\/div>\n<div class=\"shortcode1-2\">\n<a href=\"https:\/\/www.granulati.it\/it\/impegno-sociale\/formazione-gratuita\/\" target=\"_blank\" rel=\"noopener\"><img class=\"colorbox-62985\"  src=\"http:\/\/www.granulati.it\/wp-content\/uploads\/2025\/06\/visite_guidate.jpg\" alt=\"Granulati Zandobbio organizza corsi per scuole e professionisti\" \/><\/a>\n<\/div>\n<hr \/>\n<div class=\"shortcode1-2\">\n<a href=\"https:\/\/www.stonecity.it\/it\/\"><img class=\"colorbox-62985\"  src=\"http:\/\/www.granulati.it\/wp-content\/uploads\/2020\/11\/stone-city-2.jpg\" alt=\"Granulati Zandobbio offre STONE CITY come parco per eventi\" \/><\/a>\n<\/div>\n<div class=\"shortcode1-2\">\n<h2>PARCO PUBBLICO<\/h2>\n<h4><a href=\"https:\/\/www.stonecity.it\/it\/\"><strong>STONE CITY, un parco aperto al pubblico<\/strong><\/a><\/h4>\n<p><span style=\"font-family: 'Lucida Grande', Verdana, Arial, Helvetica, sans-serif; font-size: 13px;\">STONE CITY \u00e8 il parco espositivo di Granulati Zandobbio nato come iniziativa privata ma diventato un parco aperto al pubblico e lasciato disponibile, oltre che ai professionisti di settore anche alla comunit\u00e0. Dato che il parco \u00e8 sempre aperto e visitabile durante gli orari lavorativi.<\/span><\/p>\n<p><span style=\"font-family: 'Lucida Grande', Verdana, Arial, Helvetica, sans-serif; font-size: 13px;\">\u00a0<\/span><\/p>\n<p>&nbsp;<\/p>\n<p><span style=\"font-family: 'Lucida Grande', Verdana, Arial, Helvetica, sans-serif; font-size: 11px;\"><em>Per info:<\/em> <a href=\"https:\/\/www.stonecity.it\/it\/\"><strong>www.stonecity.it<\/strong><\/a><\/span><\/p>\n<\/div>\n<p><\/p>","protected":false},"excerpt":{"rendered":"<p>IMPEGNO SOCIALE &nbsp; Granulati Zandobbio si impegna all&#8217;applicazione di diversi princ\u00ecpi: sostenibilit\u00e0, volontariato, qualit\u00e0, integrazione.<\/p>\n","protected":false},"author":1,"featured_media":0,"parent":0,"menu_order":17,"comment_status":"open","ping_status":"open","template":"","meta":{"_links_to":"","_links_to_target":""},"aioseo_notices":[],"_links":{"self":[{"href":"https:\/\/www.granulati.it\/it\/wp-json\/wp\/v2\/pages\/62985"}],"collection":[{"href":"https:\/\/www.granulati.it\/it\/wp-json\/wp\/v2\/pages"}],"about":[{"href":"https:\/\/www.granulati.it\/it\/wp-json\/wp\/v2\/types\/page"}],"author":[{"embeddable":true,"href":"https:\/\/www.granulati.it\/it\/wp-json\/wp\/v2\/users\/1"}],"replies":[{"embeddable":true,"href":"https:\/\/www.granulati.it\/it\/wp-json\/wp\/v2\/comments?post=62985"}],"version-history":[{"count":86,"href":"https:\/\/www.granulati.it\/it\/wp-json\/wp\/v2\/pages\/62985\/revisions"}],"predecessor-version":[{"id":84167,"href":"https:\/\/www.granulati.it\/it\/wp-json\/wp\/v2\/pages\/62985\/revisions\/84167"}],"wp:attachment":[{"href":"https:\/\/www.granulati.it\/it\/wp-json\/wp\/v2\/media?parent=62985"}],"curies":[{"name":"wp","href":"https:\/\/api.w.org\/{rel}","templated":true}]}}

<p></p>
<div style="background-color: #006785; height: 50px;">
<h1 style="padding-top: 10px;"><span style="color: white;">IMPEGNO SOCIALE</span></h1>
</div>
<p>&nbsp;</p>
<h2 style="font-size: 16px;">Granulati Zandobbio si impegna all&#8217;applicazione di diversi princìpi: <strong>sostenibilità, volontariato, qualità, integrazione</strong>.</h2>
<hr />
<div class="shortcode1-2">
<h2>UN IMPEGNO PER L&#8217;ARTE E LA CULTURA</h2>
<h4><a href="https://www.lacarrara.it/" target="_blank" rel="noopener"><strong>Museo Accademia Carrara</strong></a></h4>
<p><span style="font-family: 'Lucida Grande', Verdana, Arial, Helvetica, sans-serif; font-size: 13px;">Crediamo nell’arte come linguaggio universale, capace di ispirare e lasciare un segno. Per questo sosteniamo il <b>Museo Accademia Carrara</b>, dove storia e bellezza danno vita a emozioni senza tempo. Investire nella cultura significa offrire alle nuove generazioni opportunità di crescita, creatività e conoscenza. L’arte è di tutti. E noi siamo fieri di sostenerla.</span><br />
<span style="font-family: 'Lucida Grande', Verdana, Arial, Helvetica, sans-serif; font-size: 11px;"><em>Per info:</em> <a href="https://www.lacarrara.it" target="_blank" rel="noopener"><strong>Museo Accademia Carrara</strong></a></span></p>
</div>
<div class="shortcode1-2">
<a href="https://www.granulati.it/it/impegno-sociale/museo_accademia_carrara/" target="_blank" rel="noopener"><img class="colorbox-62985"  src="http://www.granulati.it/wp-content/uploads/2025/06/museo-carrara.jpg" alt="Granulati Zandobbio sostegno al Museo Accademia Carrara" /></a>
</div>
<hr />
<div class="shortcode1-2">
<a href="https://www.fondazionemilani.eu"><img class="colorbox-62985"  src="http://www.granulati.it/wp-content/uploads/2020/11/senza-tetto-2.jpg" alt="Granulati Zandobbio per la Comunità Don Lorenzo Milani" /></a>
</div>
<div class="shortcode1-2">
<h2>DONAZIONI ATTIVITÀ DI VOLONTARIATO SENZA TETTO</h2>
<h4><a href="https://www.fondazionemilani.eu"><strong>Fondazione Don Lorenzo Milani</strong></a></h4>
<p><span style="font-family: 'Lucida Grande', Verdana, Arial, Helvetica, sans-serif; font-size: 13px;">La Granulati Zandobbio è attenta ai disagi che si verificano sul territorio, per questo motivo ha deciso di supportare il <strong>Servizio Esodo</strong> che opera come servizio educativo di strada per persone emarginate e spesso senza fissa dimora. Con l’utilizzo di un’unità mobile (camper) offrono ascolto, compagnia ed orientamento, distribuzione di vestiario, medicinali di base, coperte e accompagnamento alle strutture di pronto intervento sanitario.</span></p>
<p>&nbsp;</p>
<p><span style="font-family: 'Lucida Grande', Verdana, Arial, Helvetica, sans-serif; font-size: 11px;"><em>Per info:</em> <a href="https://www.fondazionemilani.eu"><strong>Fondazione Don Lorenzo Milani Patronato San Vincenzo</strong></a></span></p>
</div>
<hr />
<div class="shortcode1-2">
<h2>DONAZIONI ALLEVIAMENTO POVERTÀ</h2>
<h4><a href="https://missionebelem.it/"><strong>Associazione Missione Belem Onlus</strong></a></h4>
<p><span style="font-family: 'Lucida Grande', Verdana, Arial, Helvetica, sans-serif; font-size: 13px;">Granulati Zandobbio ogni anno dal 2017, si impegna a sostenere l&#8217;Associazione Missione Belem Onlus a sostegno del progetto &#8216;Poliambulatorio Haiti&#8217;.</span></p>
<p><span style="font-family: 'Lucida Grande', Verdana, Arial, Helvetica, sans-serif; font-size: 13px;">La Missione mira a dare un minimo di assistenza sanitaria nella favela di Wharf Jeremie, vittima del terremoto del 2010, dove non sono presenti servizi di alcun genere. Il progetto prevede la costruzione di quattro blocchi, che ospiteranno ambulatori di primo soccorso, centro degenze, assistenza materno-infantile, centro nutrizionale.</span></p>
<p>&nbsp;</p>
<p><span style="font-family: 'Lucida Grande', Verdana, Arial, Helvetica, sans-serif; font-size: 11px;"><em>Per info:</em> <a href="https://missionebelem.it/"><strong>Associazione Missione Belem Onlus</strong></a></span></p>
</div>
<div class="shortcode1-2">
<a href="https://missionebelem.it/"><img class="colorbox-62985"  src="http://www.granulati.it/wp-content/uploads/2020/11/haiti.jpg" alt="Granulati Zandobbio per Haiti" /></a>
</div>
<hr />
<div class="shortcode1-2">
<a href="https://www.sportesolidarieta.it/blog/fiera-di-bergamo-lospedale-una-realta-anche-grazie-allaccademia/"><img class="colorbox-62985"  src="http://www.granulati.it/wp-content/uploads/2020/11/ospedale-da-campo.jpg" alt="Granulati Zandobbio per il sostegno dell'emergenza coronavirus" /></a>
</div>
<div class="shortcode1-2">
<h2>DONAZIONI PER LA SOLIDARIETÀ</h2>
<h4><a href="https://www.sportesolidarieta.it/blog/fiera-di-bergamo-lospedale-una-realta-anche-grazie-allaccademia/"><strong>Erogazione a sostegno emergenza Coronavirus</strong></a></h4>
<p><span style="font-family: 'Lucida Grande', Verdana, Arial, Helvetica, sans-serif; font-size: 13px;">A seguito dell&#8217;epidemia COVID-19 che a inizio 2020 ha colpito il nostro paese e in particolar modo la nostra provincia, Granulati Zandobbio ha fatto una donazione all&#8217;Accademia dello Sport per la Solidarietà. L&#8217;associazione per far fronte all&#8217;emergenza, si è impegnata a raccogliere fondi destinati alla costruzione dell&#8217;ospedale da campo nell&#8217;area Fiera di Bergamo, gestita dagll&#8217;Associazione Nazionale Alpini.</span></p>
<p>&nbsp;</p>
<p><span style="font-family: 'Lucida Grande', Verdana, Arial, Helvetica, sans-serif; font-size: 11px;"><em>Per info:</em> <a href="https://www.sportesolidarieta.it/blog/fiera-di-bergamo-lospedale-una-realta-anche-grazie-allaccademia/"><strong>Accademia dello Sport per la Solidarietà</strong></a></span></p>
</div>
<hr />
<div class="shortcode1-2">
<h2>DONAZIONI ATTIVITÀ CULTURALI</h2>
<h4><a href="https://www.donizetti.org/"><strong>Teatro Donizetti</strong></a></h4>
<p><span style="font-family: 'Lucida Grande', Verdana, Arial, Helvetica, sans-serif; font-size: 13px;">La Fondazione Teatro Donizetti è stata costituita nel 2014 con Sede in Bergamo e persegue, senza fine di lucro, la promozione della cultura e dell’arte, curando la diffusione dell’arte musicale e teatrale, stimolando i cittadini, ed in particolare i giovani, ad esperienze e percorsi culturali formativi e di crescita. Granulati Zandobbio fa parte degli Ambasciatori Donizetti.</span></p>
<p>&nbsp;</p>
<p><span style="font-family: 'Lucida Grande', Verdana, Arial, Helvetica, sans-serif; font-size: 11px;"><em>Per info:</em> <a href="https://www.donizetti.org/"><strong>Teatro Donizetti</strong></a></span></p>
</div>
<div class="shortcode1-2">
<a href="https://www.donizetti.org/"><img class="colorbox-62985"  src="http://www.granulati.it/wp-content/uploads/2020/11/donizetti-2.jpg" alt="Granulati Zandobbio per il Teatro Donizetti" /></a>
</div>
<hr />
<div class="shortcode1-2">
<a href="http://www.pallavolodoncolleoni.com/"><img class="colorbox-62985"  src="http://www.granulati.it/wp-content/uploads/2020/11/volley.jpg" alt="Granulati Zandobbio per Scanzorosciate Pallavolo" /></a>
</div>
<div class="shortcode1-2">
<h2>SPONSORIZZAZIONI ATTIVITÀ SPORTIVE GIOVANILI</h2>
<h4><strong>Supporto di piccole squadre sportive giovanili</strong></h4>
<p><span style="font-family: 'Lucida Grande', Verdana, Arial, Helvetica, sans-serif; font-size: 13px;">Granulati Zandobbio si impegna a sostenere alcune squadre giovanili locali. L&#8217;azienda crede nella grande importanza dello sport nella vita dei giovani e vuole quindi sostenere le squadre minori anche nei piccoli paesi.</span></p>
<p>&nbsp;</p>
<p><span style="font-family: 'Lucida Grande', Verdana, Arial, Helvetica, sans-serif; font-size: 11px;"><em>Per info:</em> <a href="https://scanzovolley.com/"><strong>U.S.D. Scanzorosciate Pallavolo</strong></a></span></p>
<p><span style="font-family: 'Lucida Grande', Verdana, Arial, Helvetica, sans-serif; font-size: 11px;"><em>Per info:</em> <a href="https://aurorapallacanestrotrescore1962.it/"><strong>Aurora Pallacanestro Trescore</strong></a></span></p>
<p><span style="font-family: 'Lucida Grande', Verdana, Arial, Helvetica, sans-serif; font-size: 11px;"><em>Per info:</em> <a href="http://www.pallavolodoncolleoni.com/"><strong>Pallavolo Don Colleoni</strong></a></span></p>
</div>
<hr />
<div class="shortcode1-2">
<h2>ATTIVITÀ FORMATIVE GRATUITE</h2>
<h4><strong>Per scuole, università e professionisti</strong></h4>
<p><span style="font-family: 'Lucida Grande', Verdana, Arial, Helvetica, sans-serif; font-size: 13px;">Granulati Zandobbio si impegna ad organizzare durante l&#8217;anno dei corsi formativi e visite gratuite in collaborazione con le scuole, istituti professionali, università e professionisti.</span></p>
<p>nbsp</p>
<p><span style="font-family: 'Lucida Grande', Verdana, Arial, Helvetica, sans-serif; font-size: 11px;"><em>Per info:</em> <a href="mailto:info@granulati.it"><strong>info@granulati.it</strong></a></span></p>
</div>
<div class="shortcode1-2">
<a href="https://www.granulati.it/it/impegno-sociale/formazione-gratuita/" target="_blank" rel="noopener"><img class="colorbox-62985"  src="http://www.granulati.it/wp-content/uploads/2025/06/visite_guidate.jpg" alt="Granulati Zandobbio organizza corsi per scuole e professionisti" /></a>
</div>
<hr />
<div class="shortcode1-2">
<a href="https://www.stonecity.it/it/"><img class="colorbox-62985"  src="http://www.granulati.it/wp-content/uploads/2020/11/stone-city-2.jpg" alt="Granulati Zandobbio offre STONE CITY come parco per eventi" /></a>
</div>
<div class="shortcode1-2">
<h2>PARCO PUBBLICO</h2>
<h4><a href="https://www.stonecity.it/it/"><strong>STONE CITY, un parco aperto al pubblico</strong></a></h4>
<p><span style="font-family: 'Lucida Grande', Verdana, Arial, Helvetica, sans-serif; font-size: 13px;">STONE CITY è il parco espositivo di Granulati Zandobbio nato come iniziativa privata ma diventato un parco aperto al pubblico e lasciato disponibile, oltre che ai professionisti di settore anche alla comunità. Dato che il parco è sempre aperto e visitabile durante gli orari lavorativi.</span></p>
<p><span style="font-family: 'Lucida Grande', Verdana, Arial, Helvetica, sans-serif; font-size: 13px;"> </span></p>
<p>&nbsp;</p>
<p><span style="font-family: 'Lucida Grande', Verdana, Arial, Helvetica, sans-serif; font-size: 11px;"><em>Per info:</em> <a href="https://www.stonecity.it/it/"><strong>www.stonecity.it</strong></a></span></p>
</div>
<p></p>

<p>IMPEGNO SOCIALE &nbsp; Granulati Zandobbio si impegna all&#8217;applicazione di diversi princìpi: sostenibilità, volontariato, qualità, integrazione.</p>
