{"id":62985,"date":"2020-11-16T09:43:57","date_gmt":"2020-11-16T08:43:57","guid":{"rendered":"http:\/\/www.granulati.it\/it\/sostenibilita-copy\/"},"modified":"2026-02-13T16:37:28","modified_gmt":"2026-02-13T15:37:28","slug":"sostenibilita-copy","status":"publish","type":"page","link":"https:\/\/www.granulati.it\/fr\/impegno-sociale\/","title":{"rendered":"ENGAGEMENT SOCIAL"},"content":{"rendered":"<p><\/p>\n<div style=\"background-color: #006785; height: 50px;\">\n<h1 style=\"padding-top: 10px;\"><span style=\"color: white;\">ENGAGEMENT SOCIAL<\/span><\/h1>\n<\/div>\n<p>&nbsp;<\/p>\n<h2 style=\"font-size: 16px;\">Granulati Zandobbio s&#8217;engage \u00e0 appliquer diff\u00e9rents principes: <strong>durabilit\u00e9, volontariat, qualit\u00e9, int\u00e9gration<\/strong>.<\/h2>\n<hr \/>\n<div class=\"shortcode1-2\">\n<h2>UN ENGAGEMENT POUR L\u2019ART ET LA CULTURE<\/h2>\n<h4><a href=\"https:\/\/www.lacarrara.it\/\" target=\"_blank\" rel=\"noopener\"><strong>Museo Accademia Carrara<\/strong><\/a><\/h4>\n<p><span style=\"font-family: 'Lucida Grande', Verdana, Arial, Helvetica, sans-serif; font-size: 13px;\">Nous croyons que l\u2019art est un langage universel qui inspire et touche. C\u2019est pourquoi nous soutenons le <b>mus\u00e9e Accademia Carrara<\/b>, o\u00f9 histoire et beaut\u00e9 donnent naissance \u00e0 des \u00e9motions intemporelles. Soutenir la culture, c\u2019est offrir aux nouvelles g\u00e9n\u00e9rations des opportunit\u00e9s de grandir par la cr\u00e9ativit\u00e9 et la connaissance. L\u2019art appartient \u00e0 tous. Et nous sommes fiers de le soutenir.<\/span><br \/>\n<span style=\"font-family: 'Lucida Grande', Verdana, Arial, Helvetica, sans-serif; font-size: 11px;\"><em>Pour plus d&#8217;informations:<\/em> <a href=\"https:\/\/www.lacarrara.it\" target=\"_blank\" rel=\"noopener\"><strong>Museo Accademia Carrara<\/strong><\/a><\/span><\/p>\n<\/div>\n<div class=\"shortcode1-2\">\n<a href=\"https:\/\/www.granulati.it\/fr\/impegno-sociale\/musee_accademia_carrara\/\" target=\"_blank\" rel=\"noopener\"><img class=\"colorbox-62985\"  src=\"http:\/\/www.granulati.it\/wp-content\/uploads\/2025\/06\/museo-carrara.jpg\" alt=\"Granulati Zandobbio sostegno al Museo Accademia Carrara\" \/><\/a>\n<\/div>\n<hr \/>\n<div class=\"shortcode1-2\">\n<a href=\"https:\/\/www.fondazionemilani.eu\"><img class=\"colorbox-62985\"  src=\"http:\/\/www.granulati.it\/wp-content\/uploads\/2020\/11\/senza-tetto-2.jpg\" alt=\"Granulati Zandobbio pour la communaut\u00e9 Don Lorenzo Milani\" \/><\/a>\n<\/div>\n<div class=\"shortcode1-2\">\n<h2>DONS AUX ACTIVIT\u00c9S B\u00c9N\u00c9VOLES SANS-ABRI<\/h2>\n<h4><a href=\"https:\/\/www.fondazionemilani.eu\/\"><strong>Fondation Don Lorenzo Milani<\/strong><\/a><\/h4>\n<p><span style=\"font-family: 'Lucida Grande', Verdana, Arial, Helvetica, sans-serif; font-size: 13px;\">Granulati Zandobbio est attentif aux d\u00e9sagr\u00e9ments qui se produisent sur le territoire, c&#8217;est pourquoi elle a d\u00e9cid\u00e9 de soutenir le <strong>Service Exodus<\/strong> qui fonctionne comme un service \u00e9ducatif de rue pour les personnes marginalis\u00e9es et souvent sans domicile fixe. Avec l&#8217;utilisation d&#8217;une unit\u00e9 mobile (camping-car), ils offrent \u00e9coute, accompagnement et orientation, distribution de v\u00eatements, m\u00e9dicaments de base, couvertures et accompagnement aux structures de soins d&#8217;urgence.<\/span><\/p>\n<p>&nbsp;<\/p>\n<p><span style=\"font-family: 'Lucida Grande', Verdana, Arial, Helvetica, sans-serif; font-size: 11px;\"><em>Pour plus d&#8217;informations:<\/em> <a href=\"https:\/\/www.fondazionemilani.eu\/\"><strong>Fondation Don Lorenzo Milani, Patronage San Vincenzo<\/strong><\/a><\/span><\/p>\n<\/div>\n<hr \/>\n<div class=\"shortcode1-2\">\n<h2>LES DONS CONTRE LA PAUVRET\u00c9<\/h2>\n<h4><a href=\"https:\/\/missionebelem.it\/\"><strong>Association de la mission de Belem Onlus<\/strong><\/a><\/h4>\n<p><span style=\"font-family: 'Lucida Grande', Verdana, Arial, Helvetica, sans-serif; font-size: 13px;\">Granulati Zandobbio s&#8217;engage chaque ann\u00e9e depuis 2017 \u00e0 soutenir l&#8217;Association Mission Belem Onlus en soutien au projet &#8216;Poliambulatorio Haiti&#8217;.<\/span><\/p>\n<p><span style=\"font-family: 'Lucida Grande', Verdana, Arial, Helvetica, sans-serif; font-size: 13px;\">La Mission a pour objectif de fournir un minimum de soins de sant\u00e9 dans la favela de Wharf J\u00e9r\u00e9mie, victime du tremblement de terre de 2010, o\u00f9 il n&#8217;y a aucun service d&#8217;aucune sorte. Le projet comprend la construction de quatre blocs qui abriteront des cliniques de premiers secours, un centre d&#8217;hospitalisation, des soins maternels et infantiles et un centre nutritionnel.<\/span><\/p>\n<p>&nbsp;<\/p>\n<p><span style=\"font-family: 'Lucida Grande', Verdana, Arial, Helvetica, sans-serif; font-size: 11px;\"><em>Pour plus d&#8217;informations:<\/em> <a href=\"https:\/\/missionebelem.it\/\"><strong>Association de la mission de Belem Onlus<\/strong><\/a><\/span><\/p>\n<\/div>\n<div class=\"shortcode1-2\">\n<a href=\"https:\/\/missionebelem.it\/\"><img class=\"colorbox-62985\"  src=\"http:\/\/www.granulati.it\/wp-content\/uploads\/2020\/11\/haiti.jpg\" alt=\"Granulati Zandobbio pour Ha\u00efti\" \/><\/a>\n<\/div>\n<hr \/>\n<div class=\"shortcode1-2\">\n<a href=\"https:\/\/www.sportesolidarieta.it\/blog\/fiera-di-bergamo-lospedale-una-realta-anche-grazie-allaccademia\/\"><img class=\"colorbox-62985\"  src=\"http:\/\/www.granulati.it\/wp-content\/uploads\/2020\/11\/ospedale-da-campo.jpg\" alt=\"Granulati Zandobbio pour soutenir l'urgence du coronavirus\" \/><\/a>\n<\/div>\n<div class=\"shortcode1-2\">\n<h2>DONS POUR LA SOLIDARIT\u00c9<\/h2>\n<h4><a href=\"https:\/\/www.sportesolidarieta.it\/blog\/fiera-di-bergamo-lospedale-una-realta-anche-grazie-allaccademia\/\"><strong>D\u00e9caissement \u00e0 l&#8217;appui de l&#8217;urgence du coronavirus<\/strong><\/a><\/h4>\n<p><span style=\"font-family: 'Lucida Grande', Verdana, Arial, Helvetica, sans-serif; font-size: 13px;\">Suite \u00e0 l&#8217;\u00e9pid\u00e9mie de COVID-19 qui a frapp\u00e9 notre pays et surtout notre province d\u00e9but 2020, Granulati Zandobbio a fait un don \u00e0 l&#8217;Acad\u00e9mie du Sport pour la Solidarit\u00e9. Pour faire face \u00e0 l&#8217;urgence, l&#8217;association s&#8217;est engag\u00e9e \u00e0 lever des fonds pour la construction de l&#8217;h\u00f4pital de campagne dans la r\u00e9gion de Fiera di Bergamo, g\u00e9r\u00e9 par l&#8217;Association nationale alpine.<\/span><\/p>\n<p>&nbsp;<\/p>\n<p><span style=\"font-family: 'Lucida Grande', Verdana, Arial, Helvetica, sans-serif; font-size: 11px;\"><em>Pour plus d&#8217;informations:<\/em> <a href=\"https:\/\/www.sportesolidarieta.it\/blog\/fiera-di-bergamo-lospedale-una-realta-anche-grazie-allaccademia\/\"><strong>Acad\u00e9mie sportive pour la solidarit\u00e9<\/strong><\/a><\/span><\/p>\n<\/div>\n<hr \/>\n<div class=\"shortcode1-2\">\n<h2>DONS D&#8217;ACTIVIT\u00c9S CULTURELLES<\/h2>\n<h4><a href=\"https:\/\/www.donizetti.org\/\"><strong>Th\u00e9\u00e2tre Donizetti<\/strong><\/a><\/h4>\n<p><span style=\"font-family: 'Lucida Grande', Verdana, Arial, Helvetica, sans-serif; font-size: 13px;\">La Donizetti Theatre Foundation a \u00e9t\u00e9 cr\u00e9\u00e9e en 2014 avec son si\u00e8ge \u00e0 Bergame et poursuit, sans profit, la promotion de la culture et de l&#8217;art, en veillant \u00e0 la diffusion de l&#8217;art musical et th\u00e9\u00e2tral, en stimulant les citoyens, et en particulier les jeunes, \u00e0 des exp\u00e9riences \u00e9ducatives et de croissance. et parcours culturels. Granulati Zandobbio fait partie des ambassadeurs Donizetti.<\/span><\/p>\n<p>&nbsp;<\/p>\n<p><span style=\"font-family: 'Lucida Grande', Verdana, Arial, Helvetica, sans-serif; font-size: 11px;\"><em>Pour plus d&#8217;informations:<\/em> <a href=\"https:\/\/www.donizetti.org\/\"><strong>Th\u00e9\u00e2tre Donizetti<\/strong><\/a><\/span><\/p>\n<\/div>\n<div class=\"shortcode1-2\">\n<a href=\"https:\/\/www.donizetti.org\/\"><img class=\"colorbox-62985\"  src=\"http:\/\/www.granulati.it\/wp-content\/uploads\/2020\/11\/donizetti-2.jpg\" alt=\"Granulati Zandobbio pour le th\u00e9\u00e2tre Donizetti\" \/><\/a>\n<\/div>\n<hr \/>\n<div class=\"shortcode1-2\">\n<a href=\"http:\/\/www.pallavolodoncolleoni.com\/\"><img class=\"colorbox-62985\"  src=\"http:\/\/www.granulati.it\/wp-content\/uploads\/2020\/11\/volley.jpg\" alt=\"Granulati Zandobbio pour le volleyball Scanzorosciate\" \/><\/a>\n<\/div>\n<div class=\"shortcode1-2\">\n<h2>PARRAINAGE D&#8217;ACTIVIT\u00c9S SPORTIVES POUR LES JEUNES<\/h2>\n<h4><strong>Soutien de petites \u00e9quipes sportives de jeunes<\/strong><\/h4>\n<p><span style=\"font-family: 'Lucida Grande', Verdana, Arial, Helvetica, sans-serif; font-size: 13px;\">Granulati Zandobbio s&#8217;engage \u00e0 soutenir certaines \u00e9quipes de jeunes locales. L&#8217;entreprise croit en la grande importance du sport dans la vie des jeunes et souhaite donc soutenir les petites \u00e9quipes, m\u00eame dans les petites villes.<\/span><\/p>\n<p>&nbsp;<\/p>\n<p><span style=\"font-family: 'Lucida Grande', Verdana, Arial, Helvetica, sans-serif; font-size: 11px;\"><em>Pour plus d&#8217;informations:<\/em> <a href=\"https:\/\/scanzovolley.com\/\"><strong>U.S.D. Scanzorosciate Pallavolo<\/strong><\/a><\/span><\/p>\n<p><span style=\"font-family: 'Lucida Grande', Verdana, Arial, Helvetica, sans-serif; font-size: 11px;\"><em>Pour plus d&#8217;informations:<\/em> <a href=\"https:\/\/aurorapallacanestrotrescore1962.it\/\"><strong>Aurora Pallacanestro Trescore<\/strong><\/a><\/span><\/p>\n<p><span style=\"font-family: 'Lucida Grande', Verdana, Arial, Helvetica, sans-serif; font-size: 11px;\"><em>Pour plus d&#8217;informations:<\/em> <a href=\"http:\/\/www.pallavolodoncolleoni.com\/\"><strong>Pallavolo Don Colleoni<\/strong><\/a><\/span><\/p>\n<\/div>\n<hr \/>\n<div class=\"shortcode1-2\">\n<h2>ACTIVIT\u00c9S DE FORMATION GRATUITES<\/h2>\n<h4><strong>Pour les \u00e9coles, les universit\u00e9s et les professionnels<\/strong><\/h4>\n<p><span style=\"font-family: 'Lucida Grande', Verdana, Arial, Helvetica, sans-serif; font-size: 13px;\">Granulati Zandobbio s&#8217;engage \u00e0 organiser des formations et des visites gratuites au cours de l&#8217;ann\u00e9e en collaboration avec des \u00e9coles, des instituts professionnels, des universit\u00e9s et des professionnels.<\/span><\/p>\n<p>nbsp<\/p>\n<p><span style=\"font-family: 'Lucida Grande', Verdana, Arial, Helvetica, sans-serif; font-size: 11px;\"><em>Pour plus d&#8217;informations:<\/em> <a href=\"mailto:info@granulati.it\"><strong>info@granulati.it<\/strong><\/a><\/span><\/p>\n<\/div>\n<div class=\"shortcode1-2\">\n<a href=\"https:\/\/www.granulati.it\/fr\/impegno-sociale\/formation-gratuite\/\" target=\"_blank\" rel=\"noopener\"><img class=\"colorbox-62985\"  src=\"http:\/\/www.granulati.it\/wp-content\/uploads\/2025\/06\/visite_guidate.jpg\" alt=\"Granulati Zandobbio organise des cours pour les \u00e9coles et les professionnels\" \/><\/a>\n<\/div>\n<hr \/>\n<div class=\"shortcode1-2\">\n<a href=\"https:\/\/www.stonecity.it\/fr\/\"><img class=\"colorbox-62985\"  src=\"http:\/\/www.granulati.it\/wp-content\/uploads\/2020\/11\/stone-city-2.jpg\" alt=\"Granulati Zandobbio propose STONE CITY comme parc \u00e9v\u00e9nementiel\" \/><\/a>\n<\/div>\n<div class=\"shortcode1-2\">\n<h2>PARC PUBLIC<\/h2>\n<h4><a href=\"https:\/\/www.stonecity.it\/fr\/\"><strong>STONE CITY, un parc ouvert au public<\/strong><\/a><\/h4>\n<p><span style=\"font-family: 'Lucida Grande', Verdana, Arial, Helvetica, sans-serif; font-size: 13px;\">STONE CITY est le parc des expositions de Granulati Zandobbio n\u00e9 d&#8217;une initiative priv\u00e9e mais est devenu un parc ouvert au public et laiss\u00e9 disponible, ainsi qu&#8217;aux professionnels du secteur, \u00e9galement \u00e0 la communaut\u00e9. Puisque le parc est toujours ouvert et peut \u00eatre visit\u00e9 pendant les heures de travail.<\/span><\/p>\n<p><span style=\"font-family: 'Lucida Grande', Verdana, Arial, Helvetica, sans-serif; font-size: 13px;\">\u00a0<\/span><\/p>\n<p>&nbsp;<\/p>\n<p><span style=\"font-family: 'Lucida Grande', Verdana, Arial, Helvetica, sans-serif; font-size: 11px;\"><em>Pour plus d&#8217;informations:<\/em> <a href=\"https:\/\/www.stonecity.it\/fr\/\"><strong>www.stonecity.it<\/strong><\/a><\/span><\/p>\n<\/div>\n<p><\/p>","protected":false},"excerpt":{"rendered":"<p>ENGAGEMENT SOCIAL &nbsp; Granulati Zandobbio s&#8217;engage \u00e0 appliquer diff\u00e9rents principes: durabilit\u00e9, volontariat, qualit\u00e9, int\u00e9gration.<\/p>\n","protected":false},"author":1,"featured_media":0,"parent":0,"menu_order":17,"comment_status":"open","ping_status":"open","template":"","meta":{"_links_to":"","_links_to_target":""},"aioseo_notices":[],"_links":{"self":[{"href":"https:\/\/www.granulati.it\/fr\/wp-json\/wp\/v2\/pages\/62985"}],"collection":[{"href":"https:\/\/www.granulati.it\/fr\/wp-json\/wp\/v2\/pages"}],"about":[{"href":"https:\/\/www.granulati.it\/fr\/wp-json\/wp\/v2\/types\/page"}],"author":[{"embeddable":true,"href":"https:\/\/www.granulati.it\/fr\/wp-json\/wp\/v2\/users\/1"}],"replies":[{"embeddable":true,"href":"https:\/\/www.granulati.it\/fr\/wp-json\/wp\/v2\/comments?post=62985"}],"version-history":[{"count":86,"href":"https:\/\/www.granulati.it\/fr\/wp-json\/wp\/v2\/pages\/62985\/revisions"}],"predecessor-version":[{"id":84167,"href":"https:\/\/www.granulati.it\/fr\/wp-json\/wp\/v2\/pages\/62985\/revisions\/84167"}],"wp:attachment":[{"href":"https:\/\/www.granulati.it\/fr\/wp-json\/wp\/v2\/media?parent=62985"}],"curies":[{"name":"wp","href":"https:\/\/api.w.org\/{rel}","templated":true}]}}

<p></p>
<div style="background-color: #006785; height: 50px;">
<h1 style="padding-top: 10px;"><span style="color: white;">ENGAGEMENT SOCIAL</span></h1>
</div>
<p>&nbsp;</p>
<h2 style="font-size: 16px;">Granulati Zandobbio s&#8217;engage à appliquer différents principes: <strong>durabilité, volontariat, qualité, intégration</strong>.</h2>
<hr />
<div class="shortcode1-2">
<h2>UN ENGAGEMENT POUR L’ART ET LA CULTURE</h2>
<h4><a href="https://www.lacarrara.it/" target="_blank" rel="noopener"><strong>Museo Accademia Carrara</strong></a></h4>
<p><span style="font-family: 'Lucida Grande', Verdana, Arial, Helvetica, sans-serif; font-size: 13px;">Nous croyons que l’art est un langage universel qui inspire et touche. C’est pourquoi nous soutenons le <b>musée Accademia Carrara</b>, où histoire et beauté donnent naissance à des émotions intemporelles. Soutenir la culture, c’est offrir aux nouvelles générations des opportunités de grandir par la créativité et la connaissance. L’art appartient à tous. Et nous sommes fiers de le soutenir.</span><br />
<span style="font-family: 'Lucida Grande', Verdana, Arial, Helvetica, sans-serif; font-size: 11px;"><em>Pour plus d&#8217;informations:</em> <a href="https://www.lacarrara.it" target="_blank" rel="noopener"><strong>Museo Accademia Carrara</strong></a></span></p>
</div>
<div class="shortcode1-2">
<a href="https://www.granulati.it/fr/impegno-sociale/musee_accademia_carrara/" target="_blank" rel="noopener"><img class="colorbox-62985"  src="http://www.granulati.it/wp-content/uploads/2025/06/museo-carrara.jpg" alt="Granulati Zandobbio sostegno al Museo Accademia Carrara" /></a>
</div>
<hr />
<div class="shortcode1-2">
<a href="https://www.fondazionemilani.eu"><img class="colorbox-62985"  src="http://www.granulati.it/wp-content/uploads/2020/11/senza-tetto-2.jpg" alt="Granulati Zandobbio pour la communauté Don Lorenzo Milani" /></a>
</div>
<div class="shortcode1-2">
<h2>DONS AUX ACTIVITÉS BÉNÉVOLES SANS-ABRI</h2>
<h4><a href="https://www.fondazionemilani.eu/"><strong>Fondation Don Lorenzo Milani</strong></a></h4>
<p><span style="font-family: 'Lucida Grande', Verdana, Arial, Helvetica, sans-serif; font-size: 13px;">Granulati Zandobbio est attentif aux désagréments qui se produisent sur le territoire, c&#8217;est pourquoi elle a décidé de soutenir le <strong>Service Exodus</strong> qui fonctionne comme un service éducatif de rue pour les personnes marginalisées et souvent sans domicile fixe. Avec l&#8217;utilisation d&#8217;une unité mobile (camping-car), ils offrent écoute, accompagnement et orientation, distribution de vêtements, médicaments de base, couvertures et accompagnement aux structures de soins d&#8217;urgence.</span></p>
<p>&nbsp;</p>
<p><span style="font-family: 'Lucida Grande', Verdana, Arial, Helvetica, sans-serif; font-size: 11px;"><em>Pour plus d&#8217;informations:</em> <a href="https://www.fondazionemilani.eu/"><strong>Fondation Don Lorenzo Milani, Patronage San Vincenzo</strong></a></span></p>
</div>
<hr />
<div class="shortcode1-2">
<h2>LES DONS CONTRE LA PAUVRETÉ</h2>
<h4><a href="https://missionebelem.it/"><strong>Association de la mission de Belem Onlus</strong></a></h4>
<p><span style="font-family: 'Lucida Grande', Verdana, Arial, Helvetica, sans-serif; font-size: 13px;">Granulati Zandobbio s&#8217;engage chaque année depuis 2017 à soutenir l&#8217;Association Mission Belem Onlus en soutien au projet &#8216;Poliambulatorio Haiti&#8217;.</span></p>
<p><span style="font-family: 'Lucida Grande', Verdana, Arial, Helvetica, sans-serif; font-size: 13px;">La Mission a pour objectif de fournir un minimum de soins de santé dans la favela de Wharf Jérémie, victime du tremblement de terre de 2010, où il n&#8217;y a aucun service d&#8217;aucune sorte. Le projet comprend la construction de quatre blocs qui abriteront des cliniques de premiers secours, un centre d&#8217;hospitalisation, des soins maternels et infantiles et un centre nutritionnel.</span></p>
<p>&nbsp;</p>
<p><span style="font-family: 'Lucida Grande', Verdana, Arial, Helvetica, sans-serif; font-size: 11px;"><em>Pour plus d&#8217;informations:</em> <a href="https://missionebelem.it/"><strong>Association de la mission de Belem Onlus</strong></a></span></p>
</div>
<div class="shortcode1-2">
<a href="https://missionebelem.it/"><img class="colorbox-62985"  src="http://www.granulati.it/wp-content/uploads/2020/11/haiti.jpg" alt="Granulati Zandobbio pour Haïti" /></a>
</div>
<hr />
<div class="shortcode1-2">
<a href="https://www.sportesolidarieta.it/blog/fiera-di-bergamo-lospedale-una-realta-anche-grazie-allaccademia/"><img class="colorbox-62985"  src="http://www.granulati.it/wp-content/uploads/2020/11/ospedale-da-campo.jpg" alt="Granulati Zandobbio pour soutenir l'urgence du coronavirus" /></a>
</div>
<div class="shortcode1-2">
<h2>DONS POUR LA SOLIDARITÉ</h2>
<h4><a href="https://www.sportesolidarieta.it/blog/fiera-di-bergamo-lospedale-una-realta-anche-grazie-allaccademia/"><strong>Décaissement à l&#8217;appui de l&#8217;urgence du coronavirus</strong></a></h4>
<p><span style="font-family: 'Lucida Grande', Verdana, Arial, Helvetica, sans-serif; font-size: 13px;">Suite à l&#8217;épidémie de COVID-19 qui a frappé notre pays et surtout notre province début 2020, Granulati Zandobbio a fait un don à l&#8217;Académie du Sport pour la Solidarité. Pour faire face à l&#8217;urgence, l&#8217;association s&#8217;est engagée à lever des fonds pour la construction de l&#8217;hôpital de campagne dans la région de Fiera di Bergamo, géré par l&#8217;Association nationale alpine.</span></p>
<p>&nbsp;</p>
<p><span style="font-family: 'Lucida Grande', Verdana, Arial, Helvetica, sans-serif; font-size: 11px;"><em>Pour plus d&#8217;informations:</em> <a href="https://www.sportesolidarieta.it/blog/fiera-di-bergamo-lospedale-una-realta-anche-grazie-allaccademia/"><strong>Académie sportive pour la solidarité</strong></a></span></p>
</div>
<hr />
<div class="shortcode1-2">
<h2>DONS D&#8217;ACTIVITÉS CULTURELLES</h2>
<h4><a href="https://www.donizetti.org/"><strong>Théâtre Donizetti</strong></a></h4>
<p><span style="font-family: 'Lucida Grande', Verdana, Arial, Helvetica, sans-serif; font-size: 13px;">La Donizetti Theatre Foundation a été créée en 2014 avec son siège à Bergame et poursuit, sans profit, la promotion de la culture et de l&#8217;art, en veillant à la diffusion de l&#8217;art musical et théâtral, en stimulant les citoyens, et en particulier les jeunes, à des expériences éducatives et de croissance. et parcours culturels. Granulati Zandobbio fait partie des ambassadeurs Donizetti.</span></p>
<p>&nbsp;</p>
<p><span style="font-family: 'Lucida Grande', Verdana, Arial, Helvetica, sans-serif; font-size: 11px;"><em>Pour plus d&#8217;informations:</em> <a href="https://www.donizetti.org/"><strong>Théâtre Donizetti</strong></a></span></p>
</div>
<div class="shortcode1-2">
<a href="https://www.donizetti.org/"><img class="colorbox-62985"  src="http://www.granulati.it/wp-content/uploads/2020/11/donizetti-2.jpg" alt="Granulati Zandobbio pour le théâtre Donizetti" /></a>
</div>
<hr />
<div class="shortcode1-2">
<a href="http://www.pallavolodoncolleoni.com/"><img class="colorbox-62985"  src="http://www.granulati.it/wp-content/uploads/2020/11/volley.jpg" alt="Granulati Zandobbio pour le volleyball Scanzorosciate" /></a>
</div>
<div class="shortcode1-2">
<h2>PARRAINAGE D&#8217;ACTIVITÉS SPORTIVES POUR LES JEUNES</h2>
<h4><strong>Soutien de petites équipes sportives de jeunes</strong></h4>
<p><span style="font-family: 'Lucida Grande', Verdana, Arial, Helvetica, sans-serif; font-size: 13px;">Granulati Zandobbio s&#8217;engage à soutenir certaines équipes de jeunes locales. L&#8217;entreprise croit en la grande importance du sport dans la vie des jeunes et souhaite donc soutenir les petites équipes, même dans les petites villes.</span></p>
<p>&nbsp;</p>
<p><span style="font-family: 'Lucida Grande', Verdana, Arial, Helvetica, sans-serif; font-size: 11px;"><em>Pour plus d&#8217;informations:</em> <a href="https://scanzovolley.com/"><strong>U.S.D. Scanzorosciate Pallavolo</strong></a></span></p>
<p><span style="font-family: 'Lucida Grande', Verdana, Arial, Helvetica, sans-serif; font-size: 11px;"><em>Pour plus d&#8217;informations:</em> <a href="https://aurorapallacanestrotrescore1962.it/"><strong>Aurora Pallacanestro Trescore</strong></a></span></p>
<p><span style="font-family: 'Lucida Grande', Verdana, Arial, Helvetica, sans-serif; font-size: 11px;"><em>Pour plus d&#8217;informations:</em> <a href="http://www.pallavolodoncolleoni.com/"><strong>Pallavolo Don Colleoni</strong></a></span></p>
</div>
<hr />
<div class="shortcode1-2">
<h2>ACTIVITÉS DE FORMATION GRATUITES</h2>
<h4><strong>Pour les écoles, les universités et les professionnels</strong></h4>
<p><span style="font-family: 'Lucida Grande', Verdana, Arial, Helvetica, sans-serif; font-size: 13px;">Granulati Zandobbio s&#8217;engage à organiser des formations et des visites gratuites au cours de l&#8217;année en collaboration avec des écoles, des instituts professionnels, des universités et des professionnels.</span></p>
<p>nbsp</p>
<p><span style="font-family: 'Lucida Grande', Verdana, Arial, Helvetica, sans-serif; font-size: 11px;"><em>Pour plus d&#8217;informations:</em> <a href="mailto:info@granulati.it"><strong>info@granulati.it</strong></a></span></p>
</div>
<div class="shortcode1-2">
<a href="https://www.granulati.it/fr/impegno-sociale/formation-gratuite/" target="_blank" rel="noopener"><img class="colorbox-62985"  src="http://www.granulati.it/wp-content/uploads/2025/06/visite_guidate.jpg" alt="Granulati Zandobbio organise des cours pour les écoles et les professionnels" /></a>
</div>
<hr />
<div class="shortcode1-2">
<a href="https://www.stonecity.it/fr/"><img class="colorbox-62985"  src="http://www.granulati.it/wp-content/uploads/2020/11/stone-city-2.jpg" alt="Granulati Zandobbio propose STONE CITY comme parc événementiel" /></a>
</div>
<div class="shortcode1-2">
<h2>PARC PUBLIC</h2>
<h4><a href="https://www.stonecity.it/fr/"><strong>STONE CITY, un parc ouvert au public</strong></a></h4>
<p><span style="font-family: 'Lucida Grande', Verdana, Arial, Helvetica, sans-serif; font-size: 13px;">STONE CITY est le parc des expositions de Granulati Zandobbio né d&#8217;une initiative privée mais est devenu un parc ouvert au public et laissé disponible, ainsi qu&#8217;aux professionnels du secteur, également à la communauté. Puisque le parc est toujours ouvert et peut être visité pendant les heures de travail.</span></p>
<p><span style="font-family: 'Lucida Grande', Verdana, Arial, Helvetica, sans-serif; font-size: 13px;"> </span></p>
<p>&nbsp;</p>
<p><span style="font-family: 'Lucida Grande', Verdana, Arial, Helvetica, sans-serif; font-size: 11px;"><em>Pour plus d&#8217;informations:</em> <a href="https://www.stonecity.it/fr/"><strong>www.stonecity.it</strong></a></span></p>
</div>
<p></p>

<p>ENGAGEMENT SOCIAL &nbsp; Granulati Zandobbio s&#8217;engage à appliquer différents principes: durabilité, volontariat, qualité, intégration.</p>
