{"id":41,"date":"2013-05-16T09:31:05","date_gmt":"2013-05-16T07:31:05","guid":{"rendered":"http:\/\/www.granulati.it\/it\/?page_id=41"},"modified":"2015-11-13T10:36:01","modified_gmt":"2015-11-13T09:36:01","slug":"mineral-deco","status":"publish","type":"page","link":"https:\/\/www.granulati.it\/fr\/produits\/gravels\/mineral-deco\/","title":{"rendered":"Mineral Deco"},"content":{"rendered":"<p>Gr\u00e2ce \u00e0 leurs caract\u00e9ristiques particuli\u00e8res et \u00e0 leur forme aplatie, ces produits se pr\u00eatent \u00e0 remplacer l\u2019\u00e9corce naturelle comme paillis min\u00e9ral pour la protection du terrain contre le froid, l\u2019aridit\u00e9 et les mauvaises herbes (sans endommager les arbres).<\/p>","protected":false},"excerpt":{"rendered":"<p>Gr\u00e2ce \u00e0 leurs caract\u00e9ristiques particuli\u00e8res et \u00e0 leur forme aplatie, ces produits se pr\u00eatent \u00e0 remplacer l\u2019\u00e9corce naturelle comme paillis min\u00e9ral pour la protection du terrain contre le froid, l\u2019aridit\u00e9 et les mauvaises herbes (sans endommager les arbres).<\/p>\n","protected":false},"author":1,"featured_media":76,"parent":36,"menu_order":29,"comment_status":"open","ping_status":"open","template":"page-cat_prodotti2.php","meta":{"_links_to":"","_links_to_target":""},"aioseo_notices":[],"_links":{"self":[{"href":"https:\/\/www.granulati.it\/fr\/wp-json\/wp\/v2\/pages\/41"}],"collection":[{"href":"https:\/\/www.granulati.it\/fr\/wp-json\/wp\/v2\/pages"}],"about":[{"href":"https:\/\/www.granulati.it\/fr\/wp-json\/wp\/v2\/types\/page"}],"author":[{"embeddable":true,"href":"https:\/\/www.granulati.it\/fr\/wp-json\/wp\/v2\/users\/1"}],"replies":[{"embeddable":true,"href":"https:\/\/www.granulati.it\/fr\/wp-json\/wp\/v2\/comments?post=41"}],"version-history":[{"count":0,"href":"https:\/\/www.granulati.it\/fr\/wp-json\/wp\/v2\/pages\/41\/revisions"}],"up":[{"embeddable":true,"href":"https:\/\/www.granulati.it\/fr\/wp-json\/wp\/v2\/pages\/36"}],"wp:featuredmedia":[{"embeddable":true,"href":"https:\/\/www.granulati.it\/fr\/wp-json\/wp\/v2\/media\/76"}],"wp:attachment":[{"href":"https:\/\/www.granulati.it\/fr\/wp-json\/wp\/v2\/media?parent=41"}],"curies":[{"name":"wp","href":"https:\/\/api.w.org\/{rel}","templated":true}]}}

<p>Grâce à leurs caractéristiques particulières et à leur forme aplatie, ces produits se prêtent à remplacer l’écorce naturelle comme paillis minéral pour la protection du terrain contre le froid, l’aridité et les mauvaises herbes (sans endommager les arbres).</p>
